 3 = -10*c. Let x(t) = 5*t - c - 3*t - 9*t - t**2 - 6. What is x(-6)?
-3
Let a(t) = 12*t**2 + 12*t - 208 + 102 + 122 + t**3. Calculate a(-11).
5
Let r = 136 + -131. Let g(m) = r + 7 - m + 0 - 6. Calculate g(8).
-2
Let a(l) = -l**3 + 5*l + 7. Let n(k) = 6*k**2 + 77*k - 15. Let z be n(-13). Determine a(z).
5
Let p(o) = -o. Let u(x) = -2*x**2 - 41 + x**2 + 35. Let k(g) = 3*p(g) - u(g). What is k(4)?
10
Let l(o) = 3*o - 12. Let z(n) = -3*n + 9. Let d(r) = -2*l(r) - 3*z(r). Give d(4).
9
Let k(m) = -m**2 - 4*m - 4. Let t be (-3)/2*12/(-3). Let x be 34/t - (-2)/(-3). Suppose 3*o - c = -13, -3*c = 3*o + 14 - x. Determine k(o).
-4
Let u(y) = -y + 10. Let o(k) = 5*k**2 - 62*k - 31. Let i be o(13). Calculate u(i).
2
Let t(d) = -d**2 - 5*d + 6. Let k(x) = -10*x + 5. Let n be k(1). Calculate t(n).
6
Let j(s) be the first derivative of -s**3/3 - s**2/2 + 3*s + 5. What is j(4)?
-17
Suppose -3*b = -7*b. Suppose b = 4*y - 4 - 12. Let u(h) be the second derivative of h**5/20 - h**4/3 + h**3/6 - h**2/2 - 3*h. What is u(y)?
3
Let p = -10 + 57. Let y(z) = z**3 - 8*z**2 + p + 5*z - 16 - 25. Determine y(7).
-8
Let l(i) = -3*i**2 - 2*i - 1. Let m be 5 + (-9)/3 + 4. Suppose m = z - 1. Suppose d - 8 = z*v - 2*v, -8 = 3*d + v. Calculate l(d).
-9
Let k(l) = l**2 - 3*l. Let o(a) = 0*a**2 - 9*a**2 + 2 + 13*a - 3 + 4*a**2. Let g(q) = 9*k(q) + 2*o(q). What is g(-2)?
-4
Let j be 27/(-12)*4/(-3). Suppose j*h + 19 = 7. Let x(k) = 7*k - 1. Let g(f) = -f. Let p(w) = 5*g(w) + x(w). Give p(h).
-9
Let m be 1 + 34/6 + 14/(-21). Let q(z) be the second derivative of z**4/12 - z**3 + z**2/2 - 3*z. What is q(m)?
1
Suppose -5*x - 30 = 2*t, 28*x - 29*x + t = 6. Let y(r) = -r**3 - 6*r**2 - 3*r - 3. Give y(x).
15
Let x(r) = r**3 + 12*r**2 - 11*r + 16. Let v be x(-13). Let h be v/(-6) + 2/(-12)*4. Let o(u) = -u + 1. Calculate o(h).
0
Let u(x) = -x**3 - 4*x**2 + 1. Suppose -3*a = 2*s + 3 + 12, -4*a - s = 15. Determine u(a).
-8
Let p(t) = t - 1. Suppose 5*q = 15 - 0. Let g(h) = -7*h + 2. Let r(b) = 30*b - 10. Let w(f) = 4*g(f) + r(f). Let x be w(q). What is p(x)?
3
Let c(m) = m - 3. Let s(b) = b**3 - 13*b**2 - 14*b + 3. Let a be s(14). Let k be 3 + (-18)/a + -3. Calculate c(k).
-9
Let z be (5/(-15))/((-1)/3). Let q(u) = -u + 13. Let d(k) = 1. Let c(r) = z*q(r) - 5*d(r). Calculate c(8).
0
Let r(b) = b**2 + b + 6. Let l = -3 - -3. Let y be r(l). Let o(u) = -2*u + 2*u + y - 5*u. Give o(4).
-14
Let d(w) be the third derivative of 0*w + 0 + 14*w**2 + 5/6*w**3 - 1/24*w**4. Determine d(0).
5
Suppose 3*k + 416 = 11*k. Let f(r) = 5*r**2 - r + 5 - 3 + k*r**3 + 0*r**2 - 51*r**3. Suppose 4 = -2*w, -4*w - 2 - 16 = 2*n. What is f(n)?
7
Let s(c) = 3*c**3 + 3*c**2 + 3*c - 1. Let d(i) = 4*i**3 + 2*i**2 + 4*i - 1. Let z(n) = 4*d(n) - 5*s(n). Calculate z(5).
-44
Let l(c) = -c**2 - 7*c - 4. Let d be l(-7). Let x(h) = -3*h**3 + 3*h - 5. Let w(b) = -8*b**3 + b**2 + 8*b - 14. Let g(n) = 4*w(n) - 11*x(n). Give g(d).
3
Let t = 2953 + -2960. Let f(i) = -3*i - 9 + 0*i + 2*i. What is f(t)?
-2
Let n(w) be the third derivative of -w**5/60 + 13*w**4/24 + w**3/6 + 161*w**2 + 2*w. Determine n(10).
31
Let i(s) = s**3 + s**2 - s. Let f(m) = -22*m**3 - 7*m**2 + 5*m. Let o(v) = f(v) + 6*i(v). Let u be 112/(-392) - (12/7 + -1). What is o(u)?
16
Let z(q) = q + 8. Let y = -37 + 45. Suppose -y*b + 2*b = 0. Determine z(b).
8
Let p(v) = 5*v - 16 + 61*v**2 + 37*v**2 - 97*v**2. Give p(-7).
-2
Let r(k) be the second derivative of k**5/20 - k**3/6 - 9*k**2/2 - 368*k. Calculate r(0).
-9
Let h(i) = -3*i + 15. Let k(v) = v - 6. Let t(o) = -4*h(o) - 9*k(o). Calculate t(6).
12
Let m(p) = -p**3 + 5*p**2 + p - 7. Let q be m(5). Let s(j) = j**3 + 6*j**2 - j - 1. Let b(w) = w**2. Let t(o) = 3*b(o) - s(o). Give t(q).
-5
Let r(j) be the first derivative of -5*j**3/3 + j**2/2 - 2*j + 48. Give r(3).
-44
Suppose 0 = -3*v + 17 + 1. Let b(g) = 2*g**2 - 6*g + 13*g**2 - 14*g**2 + v. Calculate b(5).
1
Let h(v) = -v**2 + 4*v + 6. Let a be h(5). Let k be -31 + 28 + (6 - a). Let y(u) = u**2 - 1. Give y(k).
3
Suppose 5*v - 2*i = 5, 5*v - 214*i = -219*i + 5. Let z(h) = -50*h. Calculate z(v).
-50
Let n(p) = 9*p**3 + p. Let f = 33 - 29. Suppose -4 = -f*x + 5*j, 3*j = j. Determine n(x).
10
Let l(y) = 8*y + 7. Let h(i) = 3*i. Let f(r) = 3*h(r) - l(r). Calculate f(9).
2
Suppose 56 = -7*x + 98. Let m(u) = -u**2 + 3*u + 3. What is m(x)?
-15
Let s(u) = -20*u**3 + 16*u**2 - 7*u - 38. Let m(b) = -7*b**3 + 6*b**2 - 2*b - 13. Let k(w) = -17*m(w) + 6*s(w). Calculate k(-5).
8
Suppose -3*d + 30 = -8*d. Let o(i) = -68*i + 0*i**2 + 5 - 72*i - i**2 + 136*i. Calculate o(d).
-7
Let p(s) = -s**2 + 5*s + 7. Let r = 23 + -22. Suppose 3*t - 14 = r. Suppose -a + 4*i + 25 = 0, -3*a = -0*a - t*i - 40. Calculate p(a).
7
Let f(i) = -10*i**2 + 11*i - 4. Let q(r) = 5*r**2 - 5*r + 2. Let x(m) = 6*f(m) + 13*q(m). Determine x(2).
24
Let s(z) = 18*z**3 - z. Suppose 5*l + 4*b = 17 - 38, 5*b + 17 = 3*l. Give s(l).
-17
Let m(n) = 3*n**3 + 4*n**2 + n - 8. Let a(f) = -7*f**3 - 9*f**2 - 3*f + 18. Let r(j) = 2*a(j) + 5*m(j). Suppose x = 4, 0 = 3*z + 4*x - 5 - 2. What is r(z)?
-10
Let o be (-126)/756 + (-65)/6. Let f(a) = -a - 24. Determine f(o).
-13
Let x(p) be the third derivative of 0*p + 7/6*p**3 - p**2 - 1/12*p**4 + 4. Give x(5).
-3
Suppose 5*k = 0, 4*q + 3*k + 0*k - 8 = 0. Let o be -3 + (2 - -3) - -15. Suppose 0 = z - r + 7, -o = q*z - 0*z - 3*r. Let g(m) = 2*m + 5. What is g(z)?
-3
Let b(l) = -l**2 + 5*l - 2. Let a(s) = -s**2 - 3*s + 28. Let u be a(4). Suppose -11*j + 70 - 15 = u. What is b(j)?
-2
Let r(f) = 3*f + 6. Suppose -10 = 10*n - 12*n. Suppose -u + 10 - 1 = -n*m, 5*m + 5 = 0. Let i be (u/(-3))/(2/6). Give r(i).
-6
Let o(b) = b**2 - 5*b + 4. Let t(h) be the first derivative of -4*h + 0*h**2 - 1/2*h**4 + 5 - 2/3*h**3. Let i be t(-2). Determine o(i).
0
Let m(o) be the first derivative of -2*o - 1 + 1/4*o**4 + 2*o**3 + 1/2*o**2. What is m(-6)?
-8
Let b(f) = 4*f**3 - 3*f**2 - f + 2. Let h(d) = 5*d**3 - 3*d**2 + 3. Let p(u) = -4*b(u) + 3*h(u). Give p(3).
13
Let a(o) be the second derivative of -2*o**3/3 - 13*o + 56. Suppose 0*z - z - 1 = 0. Calculate a(z).
4
Let v(f) be the second derivative of -f**5/20 + 2*f**4/3 - f**3 - 9*f**2/2 + 18*f - 2. What is v(7)?
-2
Let i(u) be the first derivative of -u**7/840 - u**6/60 + u**5/15 + u**4/3 + 10*u**3 - 31. Let o(l) be the third derivative of i(l). What is o(-7)?
1
Let x = 62 - 64. Let q(i) = 4*i. Let g = 5 + -6. Let j(v) = 1. Let y(u) = g*q(u) - 3*j(u). Calculate y(x).
5
Let a be (4/(-6))/((-24)/612). Suppose 5*z = 13 + a. Let l be (9 - 12)*(-14)/z. Let m(i) = -i**3 + 6*i**2 + 5*i + 5. What is m(l)?
-9
Let u(n) be the second derivative of n**5/20 + n**3/6 + 5*n**2/2 - 5*n. Suppose 2*p = -4*p + 2*p. What is u(p)?
5
Let k(n) = n**3 + 3*n**2 + 4*n + 2. Let m = -203 + 201. What is k(m)?
-2
Suppose 2*t + 2 = 3*b, 0 = -5*b + b + 16. Let k(j) = -47 + 53 - t*j + 0*j - j + 2*j**2. What is k(4)?
14
Let o(x) = -4*x**2 + 1. Suppose -1 - 5 = -2*t. Let c(q) = -q**3 + 7*q**2 - 5*q - 4. Let n be c(6). Suppose -z + t = n*z. Give o(z).
-3
Let n(q) be the second derivative of -2*q**3/3 - 15*q**2 + 136*q. Calculate n(-13).
22
Let n(f) = -f**3 + 4*f**2 - 3*f - 2. Let s(d) = -d**2 - 7*d + 1. Let x be s(-6). Let g = -4 - x. Let y = g - -14. Determine n(y).
-2
Let a(t) be the second derivative of t**4/12 - t**3 - t**2/2 + t. Let x be (3/(-6)*1)/((-7)/(-1162)). Let b = x + 88. Calculate a(b).
-6
Let o(w) = -2*w**2 - w + 1. Let p = -13 + 25. Suppose p = 3*a, 4*x - 5*x + 5*a = 20. Suppose 2*m - 5*r + 16 = x, -4*m - 2*r + 18 = m. Calculate o(m).
-9
Suppose -2*b - 2*o = -2, 5*o - o - 7 = -3*b. Let g(f) = -f**3 + 2*f**2 + 2*f. Calculate g(b).
39
Let t(p) = -2*p + 34. Let g be t(15). Let r(y) = y**2 - 4*y + 6. What is r(g)?
6
Let a = -12 - -22. Let d = 29 - 19. Let o be 14/d + 6/a. Let m(c) = c**3 - c**2 - 2*c - 1. Give m(o).
-1
Suppose 0*l - 7*l = -2*l. Let m(n) = 4*n + 6. What is m(l)?
6
Suppose 0 = 5*c + 3*x - 13, -5*c + 18 = 2*x + 1. Suppose 48 = -2*y + c*y. Let z be ((-15)/(-10))/(6/y). Let a(l) = l**3 - 4*l**2. Calculate a(z).
0
Let s(c) = c**3 - 4*c**2 + 7*c - 8. Let r be s(4). Suppose 0 = -3*h - h + o + 20, -r = -3*h + 2*o. Let d(m) = m**2 - 4*m + 0*m + h*m + 1. Calculate d(2).
5
Let c(y) be the third derivative of -y**6/120 + y**5/10 - y**3/2 - y**2. Let u = -4301 - -430